vided by 17?
13
Let z be ((-10)/3)/((-1)/129). Suppose 0 = -y + 6*y - z. Calculate the remainder when y is divided by 22.
20
Let k(o) = -o**3 + 2*o**2 + 3*o + 4. What is the remainder when k(-3) is divided by 21?
19
Let h be (21/15 + -1)*10. Let a(b) = -3*b**3 + 0 + h*b**3 - 3 + 11*b - 10*b**2. Calculate the remainder when 43 is divided by a(9).
13
Suppose 4*o - r = 63, 5*o + 2*r - 78 = 3*r. Calculate the remainder when 103 is divided by o.
13
Suppose 0 = 2*q + 5 + 1. Let t be (q + 6)/(-1 + 2). Suppose -20 = -t*x - r + 22, -2*x + 3*r = -39. What is the remainder when 29 is divided by x?
14
Suppose -7*f - 12 = -3*f. Let x(a) = -a**2 + 10*a - 8. What is the remainder when x(6) is divided by f/((-3)/1) - -5?
4
Let x = -35 - -49. What is the remainder when 6/(-14) - (-664)/x is divided by 12?
11
Suppose -5*p + 3*a + 303 = 0, -2*p + 3*p + 4*a - 56 = 0. What is the remainder when p is divided by (-63)/(-18)*12/2?
18
Let b = -3 - -3. Suppose b = x - 6*x + 50. Suppose 4*o - 11 - 65 = 0. Calculate the remainder when o is divided by x.
9
Suppose 4*k - 28 = 4*a, 6*a - a = 3*k - 23. Suppose -k = -4*x + 10. Calculate the remainder when 7 is divided by x.
3
Suppose 5*p + 7 = 37. Let v(f) = f**3 - f - 4 - 5 - 5*f**2 + 4. What is the remainder when v(p) is divided by 9?
7
Let r = -24 + 38. Calculate the remainder when 53 is divided by r.
11
Let l = -125 - -193. Calculate the remainder when l is divided by 23.
22
Suppose 5*b - 129 = 1. What is the remainder when b is divided by (-1 + 3)*(-18)/(-4)?
8
Let i(t) = 2*t + 1. Let u be i(3). Let k = u + 1. What is the remainder when 13 is divided by k?
5
Let a be -2*(-15)/(-6) - -2. Let d = 6 - a. Calculate the remainder when 42*4/42*d is divided by 19.
17
Suppose -5*f - t - 59 = -10, -4*f - 20 = -4*t. Let b = 15 + f. Let x(p) = -p + 8. What is the remainder when 6 is divided by x(b)?
0
Calculate the remainder when 6/2 + -3 - -11 is divided by 6.
5
Let s = 14 - 3. Suppose 3*x - 2 = 3*b - 11, -3*x = 2*b - 11. Let j(z) = 20*z + 1. What is the remainder when j(x) is divided by s?
10
Let h = 131 + -65. Calculate the remainder when h is divided by 17.
15
Let m = -5 + 19. Suppose 2*t - 2 = t. Let w(c) = 5*c**3 - c**2 + 3*c - 3. What is the remainder when w(t) is divided by m?
11
Suppose -3*n - 54 = -5*n. Let h = 514 + -500. What is the remainder when n is divided by h?
13
Suppose 0 = -x + 31 + 23. Calculate the remainder when 322 is divided by x.
52
Let x = -23 + 64. What is the remainder when x is divided by 21?
20
Suppose -2*s + 0 = -4. Suppose 3*g - 2*b = s*b + 68, -g - 5*b = 9. Calculate the remainder when 63 is divided by g.
15
Let k = 26 - -21. Suppose 0 = 2*f - 2 - 18. What is the remainder when k is divided by f?
7
Let z be 2 + 0*2/(-4). Let n = -5 - -7. Suppose -n*t + 40 = z*t. What is the remainder when t is divided by 6?
4
Let d = -23 - -37. Let p(a) = 2*a**3 + 2*a**2 - 3*a - 3. Let w be p(-3). Let x = w + 56. What is the remainder when x is divided by d?
12
Let j = -20 + 30. Calculate the remainder when ((-29)/(-3))/((-2)/(-6)) is divided by j.
9
Calculate the remainder when 37 + (11 + -1)/5 is divided by 10.
9
Let y(r) = 10*r**2 + 2*r - 1. Suppose 5*z - 4*d = 4*z + 2, -3*z + 2*d = -16. Let g = 10 - z. What is the remainder when y(1) is divided by g?
3
What is the remainder when 178 is divided by 2/(-6)*(-24 - 3)?
7
Suppose -5 - 91 = 4*p. What is the remainder when 7 is divided by ((-5)/15)/(2/p)?
3
Let g(j) = j**3 - 14*j**2 - 32*j + 39. Calculate the remainder when g(16) is divided by 8.
7
Let q(h) = -2*h**3 - 2*h**2 - 1. Let r(p) = 4 - 2*p + 2*p - 3*p. Calculate the remainder when r(-5) is divided by q(-2).
5
Let y(a) = 8*a**2 - a + 1. Calculate the remainder when y(1) is divided by 3.
2
Suppose -4*x + 2 + 0 = 5*j, 2*x + j = -2. Suppose 26*y - 77 = 53. What is the remainder when y is divided by 3/(3 + x) + 1?
1
Suppose w - 2*w + 10 = 0. Let y(d) = -d**2 - 13*d - 4. Let i be (-2)/(((-16)/14)/(-4)). Calculate the remainder when y(i) is divided by w.
8
Suppose h + 57 = s, -2*s - 3*s = -4*h - 287. Suppose 0 = 4*q - 77 - s. What is the remainder when q is divided by 18?
16
Suppose r - 332 = -4*m - 0*r, 3*r = 12. Calculate the remainder when m is divided by 14.
12
Suppose 2*t - 13 = -5*p, -5 + 15 = -2*p. Suppose -6*m + 2*m - 5*o - 50 = 0, 0 = -m + 2*o - 6. What is the remainder when t is divided by 9/6*m/(-3)?
4
Let j = 23 - 9. Calculate the remainder when 97 is divided by j.
13
Suppose 5*h - 15 = -4*p - 2, -4*h + 23 = -p. Calculate the remainder when 38 is divided by (-11)/(-1) - (p + 4).
8
Suppose -2*t = 4*p - 2*p - 62, t - 46 = 4*p. Let s = -15 - -27. What is the remainder when t is divided by s?
10
Suppose -141 - 35 = -11*h. Calculate the remainder when 29 is divided by h.
13
Let i(a) = -a**3 + 14*a**2 + 3*a - 20. Let w be i(14). Suppose 2*u = -6, -g + w = 2*u + 1. What is the remainder when 53 is divided by g?
26
Let d be -6 - (-4)/(-4 - -2). Let a(z) = -2*z + 8. Suppose -g - 52 = -5*g. What is the remainder when a(d) is divided by g?
11
Suppose 0*w = -2*w + 16. Calculate the remainder when 15 is divided by w.
7
Let a = 2 - 1. Calculate the remainder when (-1)/(1*a/(-30)) is divided by 8.
6
Suppose o + 2*d = -16, -o - d - 32 = -3*d. Suppose 4 = 3*f + 1. Let u = f - o. What is the remainder when u is divided by 9?
7
Suppose -1 + 5 = 4*y. Let s be -6 + (-2 - -1)*-1. Let w = s - -7. What is the remainder when w is divided by y?
0
Let o(j) = -3*j**2 - 4*j + 0*j - j**3 - 1 + j. Suppose -39 = -3*b + 27. What is the remainder when b is divided by o(-3)?
6
Let t(v) = 8*v + 5. Let r(n) = 3*n**3 - 2*n**2. Let x be r(2). Suppose -x = -y + 3. Calculate the remainder when t(4) is divided by y.
18
Let t = -10 + 25. Calculate the remainder when 59 is divided by t.
14
Let p = 57 - -111. Suppose 0 = -2*x - 4, 0 = -4*y + 4*x + p. Calculate the remainder when y is divided by 14.
12
Suppose -4*d = m - 101, -5*m + 323 = -d - 98. Suppose 4*u + u - m = 0. Let q(b) = 2*b**2 - 3. Calculate the remainder when u is divided by q(2).
2
Let j = 40 + -6. Let n = -22 + j. Calculate the remainder when 59 is divided by n.
11
Suppose -q - 18 = b, -2*b + q - 26 = 1. Let l = -7 - b. Calculate the remainder when l is divided by 5.
3
Let z = 8 + -11. Calculate the remainder when 26*z/(-6) + 3 is divided by 9.
7
Let p = 15 - 23. Let o(v) = -v**3 - 7*v**2 + 7*v - 6. Let c be o(p). Suppose 2*t - 4 - c = 0. Calculate the remainder when 4 is divided by t.
1
What is the remainder when (3/1)/((-3)/(-15 - 6)) is divided by 8?
5
Suppose 1 = 2*s - 3. Let o be ((-9)/2 + 2)*s. Let i(q) = -10*q - 1. What is the remainder when i(o) is divided by 17?
15
Let l = -91 + 163. What is the remainder when l is divided by 15?
12
Let d(i) = -i**3 + 8*i**2 + 4*i - 10. What is the remainder when d(8) is divided by (-16)/(-10)*(4 - -1)?
6
Let y(d) = -d**2 + 10*d + 34. Let z = 22 - 16. What is the remainder when y(11) is divided by z?
5
Suppose -48 = 2*b - 4*b. Calculate the remainder when 118 is divided by b.
22
Let f(w) = w - 2. Let k be f(6). Let m(a) = a**3 - 2*a**2 + 3*a + 2. What is the remainder when m(k) is divided by 12?
10
Suppose 2*y - 40 = 6. Let z(p) = -p**3 + 5*p**2 + 8*p. Let r be z(6). Suppose -4*h + 5*h - r = 0. What is the remainder when y is divided by h?
11
Let d be (8/(-6))/(4/(-18)). Suppose -d*n = -n + 20. Let f = n - -45. What is the remainder when f is divided by 11?
8
Suppose 0 = 5*c - 0*c + 15. Let w be -12*((-2)/c - 1). Suppose 2*p = -x - 4*x + 23, -w*p + 11 = 3*x. What is the remainder when 13 is divided by x?
3
Suppose 3*f = -5*j - f + 731, 0 = j - 4*f - 127. What is the remainder when j is divided by 24?
23
Let n be 2/6 + (-296)/(-3). Let w be 11/3 - 2/3. Suppose 4*y = w*b + 79, -5*y = -b - 3*b - n. Calculate the remainder when 55 is divided by y.
17
Suppose -z + 27 + 78 = 0. Let t = z - 70. Calculate the remainder when t is divided by 12.
11
Suppose -3*v - 2*o = o - 15, o = 4*v - 35. Calculate the remainder when v is divided by (-8)/28 - 37/(-7).
3
Let t = 18 - 13. Let k(a) = -2 - 4 + 10*a - a + 0. What is the remainder when k(t) is divided by 10?
9
Suppose 0*w - 4*p = 5*w - 71, 2*w - 29 = -p. Suppose n - w = -4. What is the remainder when 19 is divided by n?
8
Let y = 9 + 9. Suppose -2 = -4*k + 5*k - 4*o, o = 3*k - 27. Calculate the remai